g + 2*i - l. Suppose 0 = 28*v - 24*v - g. List the prime factors of v.
43
Let z(o) = 5*o - 1. Let y be z(-1). Let g be (-2)/y - (-28)/6. Suppose -q = -4*q - i + 74, -4*i + 121 = g*q. What are the prime factors of q?
5
Let b = -10 - -10. Suppose -2*f - 3*x + 71 = b, 0 = -4*f - 2*x + 147 - 1. List the prime factors of f.
37
Let t(j) = 2*j**3 - 69*j**2 - 33*j - 15. What are the prime factors of t(35)?
5, 11
Suppose 23*h - 18464 = -3261. What are the prime factors of h?
661
Let j(c) = 2*c**2 + 11*c - 6. Let x(i) = i**2 - 8*i - 4. Let t be x(9). What are the prime factors of j(t)?
3, 11
Suppose -2 = -s - 3. What are the prime factors of -2 + (144 - s) - (-11 + 10)?
2, 3
Let g be (-4)/(-14) - (-2)/(-7). Suppose 0 = 5*y - t, g*y = 5*y - 5*t. Suppose 0 = 5*v - 6 + 1, s - 2*v - 73 = y. List the prime factors of s.
3, 5
Suppose -18*d = -4*d - 1022. What are the prime factors of d?
73
Suppose -59410 = -59*f + 75228. List the prime factors of f.
2, 7, 163
Let a = 188 + -17. Suppose 161 = c + 5*v, 4*v = -5*c + a + 634. List the prime factors of c.
7, 23
Suppose 2*u - 2032 - 3256 = 0. List the prime factors of u.
2, 661
Let q = -20 - -6. Let u = 1 - q. What are the prime factors of ((-12)/u)/((-6)/75)?
2, 5
Let b(q) = 3*q**3 + 131*q**2 - 43*q + 66. List the prime factors of b(-44).
2, 11
Let m(t) be the first derivative of -t**5/60 + 7*t**4/24 - t**3 - 5*t**2/2 - 6. Let s(l) be the second derivative of m(l). What are the prime factors of s(5)?
2
Let z = -37 - -39. Suppose w = z*w. Suppose -2*q = -4*k - 108, 3*q + w*k + k - 197 = 0. List the prime factors of q.
2
Suppose 2*u - 605 = -29. Suppose -2*b - u = -4*y + b, 0 = 4*y + 3*b - 288. Suppose 4*w - 8*w = -y. List the prime factors of w.
2, 3
Suppose 5*y = 8*y + 3. Let a(z) = -115*z**3 - z - 1. List the prime factors of a(y).
5, 23
Suppose -1 = -4*b + 7. Suppose -b*k - 12 = 2*a, 4*k + 9 + 8 = 3*a. What are the prime factors of 4 + (a - -3) + 4?
2, 5
Let g = 17 + 279. What are the prime factors of g?
2, 37
Let c(k) be the second derivative of 4*k**3/3 + 67*k**2/2 - 20*k. List the prime factors of c(0).
67
Suppose -a + 4*x + 620 = -287, 0 = a + 3*x - 921. What are the prime factors of a?
3, 5, 61
Suppose -4*c = 3*o - 15, -o - c + 5 + 0 = 0. Suppose -4*f + 185 - 44 = 3*z, 0 = o*f + 3*z - 177. What are the prime factors of f?
2, 3
Suppose -43*a + 2*t + 10510 = -41*a, -2*a - 3*t + 10490 = 0. List the prime factors of a.
59, 89
Let g = 18 + -2. Let k = 10 - g. List the prime factors of (-6)/4*52/k.
13
Let g(b) = -b**2 - 8*b - 4. Let f be g(-3). Suppose r + 2 = 3*r - 2*h, -3*r + h = -f. Suppose 16 = 3*q - r. List the prime factors of q.
7
Suppose 10*i - 109 = 9*i. Let l = 115 - i. What are the prime factors of l?
2, 3
Let c(t) = t**2 + 8*t + 22. Let f(m) = 3*m + 9. Let a be f(7). Let y = 20 - a. List the prime factors of c(y).
2, 3, 7
List the prime factors of 6*((-2)/(-5))/((-68)/(-85)).
3
Let i = 394 + -389. Let m(n) = 4*n + 2*n**2 + 0*n**2 + n**3 - 6*n**2 - 8. List the prime factors of m(i).
37
Let z(k) be the third derivative of k**4/6 - 2*k**3 - 6*k**2. Let f be z(7). Suppose -15 = x + 4*x, 2*u = -4*x + f. What are the prime factors of u?
2, 7
Let o = -84 - -50. Let i = -16 + -57. Let d = o - i. What are the prime factors of d?
3, 13
Suppose 2*r = -r - 5*f + 412, r = 4*f + 109. Suppose 2*i = 2*u - 0*i - 150, -r = -2*u - 5*i. Suppose 11*y = 8*y + u. What are the prime factors of y?
2, 3
Let t(d) = d**3 - 5*d**2 + 4*d - 2. Let i be t(3). Let y be 1*-3*i/8. Suppose 0 = -a - 3*x, -3*a + 10 + 8 = y*x. What are the prime factors of a?
3
Suppose y + 58 + 8 = 0. Let c = 145 + y. Suppose 2*q + 0*q = 5*p + 11, 0 = 3*q + 5*p - c. What are the prime factors of q?
2, 3
Suppose -4*s = -287 - 5. List the prime factors of s.
73
Let y(v) = 7 - v**3 + v**2 + 4*v**3 - 2*v**3 + 4*v**2 - 7*v. Let x be y(-7). Let w = x + 64. What are the prime factors of w?
2, 11
Let n(k) = 13*k - 8. Let p(w) = w**2 - 1. Let l(f) = -n(f) + p(f). Let g be l(5). Let u = g - -47. List the prime factors of u.
2, 7
Suppose -2*y - x = y - 221, -3*y + x = -229. Suppose 0*w + 2*w = 0. Suppose w = -t + y - 32. What are the prime factors of t?
43
Suppose -45*m + 13241 = -65149. What are the prime factors of m?
2, 13, 67
Let z be (-4)/(16/(-18))*-2. Let i(f) = -f + 10. Let u(x) = -5. Let k(g) = 2*i(g) + 5*u(g). List the prime factors of k(z).
13
Suppose -l = -3*w + 7371, 0 = 6*w - 4*w + 4*l - 4928. What are the prime factors of w?
2, 1229
Suppose -6*a = -a - 440. List the prime factors of a + 2 + 2 - -4.
2, 3
Let v = 4102 + -1810. What are the prime factors of v?
2, 3, 191
Suppose -3*l + 12 = 0, -6780 + 1684 = -4*o - 5*l. List the prime factors of o.
3, 47
Let u be (-22)/5*2*-20. Suppose u = 4*n + 5*d, 0 = -2*n - n + 2*d + 155. Suppose -44 = -4*i - 3*a + n, 3*a + 75 = 3*i. What are the prime factors of i?
2, 3
Suppose 0 = -86*r + 84*r + 7382. What are the prime factors of r?
3691
What are the prime factors of ((-2)/3)/(37/(-111)) + 283?
3, 5, 19
Suppose -4 - 6 = -5*r. Suppose -r*n + 4 = -5*h, 2*n + 16 = -3*h - 2*h. List the prime factors of 12*(4 + n/(-12)).
3, 17
Let p(l) = l**2 - 6*l - 4. Let z be p(7). Suppose z*d = 5*o - 14, -2*d + d = -o + 2. Suppose -28 = -4*w + 4*c, -c = d*c. List the prime factors of w.
7
Let w(z) be the first derivative of -z**4/4 + 13*z**3/3 + 7*z**2 - 10*z - 4. Let d be w(14). Let c = d + 33. What are the prime factors of c?
23
Suppose 2*l - 4*l = 0. Suppose -1 = s - l. Let u(p) = -18*p**3 - 2*p**2 + 1. List the prime factors of u(s).
17
Suppose -14*z = -4*z + 300. Let n = z - -70. What are the prime factors of n?
2, 5
Let r = -176 - -231. Suppose -8 - 44 = -4*p. Suppose r = -8*i + p*i. What are the prime factors of i?
11
List the prime factors of (-29 - -3)*(3 + 49/(-2)).
13, 43
Suppose 1822 = -41*m + 43*m. What are the prime factors of m?
911
Suppose 4*f = 9*n - 4*n + 1, n = -3*f + 15. Let d(l) = -18*l - 13. Let a(w) = -9*w - 6. Let u(h) = -5*a(h) + 2*d(h). List the prime factors of u(n).
31
Suppose 4*m + 6*u - 8391 = 11*u, -5*m + 4*u = -10500. What are the prime factors of m?
2, 263
Let y(g) = -g**3 - 6*g**2 + 3*g. Let l be y(-7). Suppose 4*w - 1 = o - 0, -3*w + 5*o = -5. Suppose x = -r + 26, l = r - x - w*x. List the prime factors of r.
3
Let z(w) = 117*w + 26. List the prime factors of z(11).
13, 101
Let l(i) be the third derivative of i**5/15 + i**4/6 - i**3 + 2*i**2. List the prime factors of l(4).
2, 37
Let k be -1*(11 + 0) + 3. Let f = k - -11. What are the prime factors of (f - 1 - 0) + 17?
19
Let s(m) = -118*m - 13. List the prime factors of s(-4).
3, 17
What are the prime factors of ((-1)/2)/(((-221)/7254)/17)?
3, 31
Suppose 4*t = 3*t + 6. What are the prime factors of (-5)/10*-18*58/t?
3, 29
Let l(q) = -2*q**2 - 14*q + 2*q**3 + 15*q + 22*q**3 + 3 + 0*q**3. What are the prime factors of l(2)?
3, 7
Suppose -14*t = 3*i - 9*t - 596, -764 = -4*i + t. List the prime factors of i.
2, 3
Let i be 8/(-80)*5 - 62258/(-4). What are the prime factors of i/54 - 2/9?
2, 3
Let j(x) = 3*x**2 - 5*x - 5. Let y be j(-2). Let i = 4 + y. Suppose 0 = w - i + 5. What are the prime factors of w?
2
Suppose -43*a = -38025 - 74979. What are the prime factors of a?
2, 3, 73
Suppose -7*l - 1960 = -5*u - 2*l, -4 = -l. Suppose 3*c - o = 338, -5*c + o + u + 168 = 0. List the prime factors of c.
113
Suppose u = -5*l + l + 201, 251 = 5*l + u. Suppose -l = -v + 124. What are the prime factors of v?
2, 3, 29
Let z(w) = w**3 + w**2 + 4*w - 3. Let g be z(5). Suppose 0 = 5*a - 4*m + 12 - g, 2*m + 118 = 4*a. List the prime factors of a.
3
Let n = 10 + -9. Let p(a) = -44*a - 1. Let l be p(n). Let g = 69 + l. What are the prime factors of g?
2, 3
Let i = 16 - 13. Suppose -3*u = -8*p + i*p - 8, -4*p = 2*u + 24. Let s(t) = -14*t + 3. List the prime factors of s(u).
59
Let u(i) = -5*i + 29. Let z = -62 - -43. List the prime factors of u(z).
2, 31
Suppose p + 38 = 3*o - p, 5*o = 4*p + 66. Suppose 0*c = -5*c + o. Suppose 2*j + 2*g = 68, -3*j + 0*g + 107 = c*g. List the prime factors of j.
3, 13
Let b(k) = -k**3 - 10*k**2 - 3*k - 4. List the prime factors of b(-10).
2, 13
Suppose 23 = z - 4*y, z + 0*z + 4*y = -17. Let a = -13 + z. Let w(s) = -s - 5. What are the prime factors of w(a)?
5
List the prime factors of ((-3272)/(-12))/(12/(-9) + 2).
409
Suppose -4*v =